{"id":301,"date":"2024-04-30T11:07:27","date_gmt":"2024-04-30T08:07:27","guid":{"rendered":"http:\/\/autovehiculerutiere.upb.ro\/?page_id=301"},"modified":"2024-10-15T13:27:06","modified_gmt":"2024-10-15T10:27:06","slug":"sisteme-si-tehnologii-avansate-in-domeniul-autovehiculelor","status":"publish","type":"page","link":"http:\/\/autovehiculerutiere.upb.ro\/?page_id=301","title":{"rendered":"Sisteme si Tehnologii Avansate in Domeniul Autovehiculelor"},"content":{"rendered":"\r\n\r\n\n<p><strong>Misiune<\/strong><\/p>\n\n\n\n<p>Misiunea principal\u0103 a programului de studii de master \u201eSisteme \u0219i tehnologii avansate \u00een domeniul autovehiculelor\u201d este preg\u0103tirea speciali\u0219tilor \u00een concordan\u021b\u0103 cu cerin\u021bele economiei de pia\u021b\u0103, cu noile tehnologii \u0219i cu asumarea principiilor de dezvoltare durabil\u0103 \u0219i de protejare a mediului \u00eenconjur\u0103tor.<\/p>\n\n\n\n<p>Preg\u0103tirea speciali\u0219tilor \u00een cadrul acestui program de masterat trebuie s\u0103 conduc\u0103 la formarea de ingineri cu o bun\u0103 preg\u0103tire tehnic\u0103 general\u0103 \u0219i de specialitate, av\u00e2nd competen\u021be \u00een concep\u021bia, proiectarea \u0219i \u00eencercarea autovehiculului \u0219i a subansamblurilor sale, care s\u0103 realizeze lucr\u0103ri experimentale de \u00eencercare, m\u0103surare, analizare \u0219i interpretare a datelor ob\u021binute pentru autovehicul \u0219i subsistemele acestuia. Un accent deosebit \u00een cadrul programului se pune pe folosirea model\u0103rii \u015fi simul\u0103rii numerice ca metod\u0103 de cercetare \u015fi de proiectare. Se urm\u0103re\u0219te ca absolven\u021bii s\u0103 fie adapta\u021bi la mediul profesional \u00een care vor lucra, s\u0103 fie responsabili \u0219i capabili de lucru \u00een echip\u0103.<\/p>\n\n\n\n<p>Programul de studii are \u0219i menirea de a-i orienta \u0219i stimula pe absolven\u021bi c\u0103tre continuarea studiilor prin doctorat \u0219i de a-i preg\u0103ti pentru a putea s\u0103-\u0219i asume sarcini de proiectare strategic\u0103 (de investi\u021bii) \u0219i de cercetare \u0219tiin\u021bific\u0103 (inclusiv activit\u0103\u021bi didactice \u00een \u00eenv\u0103\u021b\u0103m\u00e2ntul superior tehnic, de profil).<\/p>\n\n\n\n<p><strong>Obiectiv general<\/strong><\/p>\n\n\n\n<p>Programele de studii de master din domeniul \u201eIngineria Autovehiculelor\u201d, cu valen\u021bele lor teoretice \u0219i practice sunt subordonate urm\u0103toarelor scopuri:<\/p>\n\n\n\n<p>Aprofundarea cuno\u0219tin\u021belor \u0219tiin\u021bifice din domeniu \u015fi dob\u00e2ndirea de competen\u021be prin studiu, dezvolt\u00e2nd \u015fi folosind teorii, modele \u015fi interpret\u0103ri coerente, cu o atitudine critic\u0103 \u015fi p\u0103trunz\u00e2nd \u00een natura \u0219tiin\u021bei \u015fi tehnologiei specifice domeniului.<\/p>\n\n\n\n<p>Dob\u00e2ndirea deprinderii de lucru individual \u0219i \u00een echip\u0103 cu metode avansate de cercetare experimental\u0103 a autovehiculelor.<\/p>\n\n\n\n<p>Dob\u00e2ndirea capacit\u0103\u021bii de a formula concluzii corecte, coerente \u00een urma studiului teoretic \u0219i experimental, de comunicare a acestora \u0219i de intuire a posibilit\u0103\u021bilor de dezvoltare ulterioar\u0103.<\/p>\n\n\n\n<p>Dezvoltarea aptitudinii de a alc\u0103tui lucr\u0103ri \u0219tiin\u021bifice, de a le prezenta \u00een cadrul unor congrese sau expozi\u021bii de specialitate.<\/p>\n\n\n\n<p>Str\u00e2ngerea leg\u0103turilor \u015fi \u00eembun\u0103t\u0103\u021birea cooper\u0103rii \u00eentre speciali\u0219tii \u015fi studen\u021bii acestui program \u015fi cercet\u0103tori din alte colective na\u021bionale \u015fi din afara \u021b\u0103rii.<\/p>\n\n\n\n<p><strong>Obiectiv specific<\/strong><\/p>\n\n\n\n<p>Programul de studii \u201eSisteme \u015fi tehnologii avansate \u00een domeniul autovehiculelor\u201d, cu valen\u021bele sale teoretice \u0219i practice este subordonat urm\u0103toarelor scopuri:<\/p>\n\n\n\n<p>Aprofundarea cuno\u0219tin\u021belor \u0219tiin\u021bifice privind sistemele \u0219i tehnologiile avansate din&nbsp; domeniul autovehiculelor si a metodelor de studiu experimental si teoretic al acestora.<\/p>\n\n\n\n<p>Deprinderea si dezvoltarea capacita\u021bii de a \u00een\u021belege prin studiu sistemele \u0219i tehnologiile avansate din&nbsp; domeniul autovehiculelor, de a folosi \u0219i a dezvolta teorii, modele \u0219i interpret\u0103ri corecte si coerente.<\/p>\n\n\n\n<p>Dob\u00e2ndirea dexterit\u0103\u021bii de a dezvolta ra\u021bionamente, interpret\u0103ri \u0219i judec\u0103\u021bi de valoare \u00een contextul disciplinelor planului de \u00eenv\u0103\u021b\u0103m\u00e2nt.<\/p>\n\n\n\n<p>Dob\u00e2ndirea cuno\u0219tin\u021belor privind cele mai avansate sisteme \u0219i tehnologii utilizate la autovehicule care satisfac cerin\u021bele referitoare la performantele energetice, economice, de siguran\u021b\u0103 \u0219i de protec\u021bie a mediului.<\/p>\n\n\n\n<p>Dezvoltarea capacit\u0103\u021bii de \u00een\u021belegere \u0219i conducere a investiga\u021biilor experimentale \u00een laboratoare, pe standuri complexe, asistate de calculator \u0219i de dezvoltare a unor modele avansate de simulare numeric\u0103 a sistemelor autovehiculelor.<\/p>\n\n\n\n<p>Asigurarea de speciali\u0219ti competen\u021bi pentru: unit\u0103\u021bile de cercetare-dezvoltare-inovare \u00een domeniul ingineriei autovehiculelor, produc\u0103torii de automobile si componente auto din \u021bar\u0103 \u0219i str\u0103in\u0103tate, \u00eenv\u0103\u021b\u0103m\u00e2ntul universitar si expertiz\u0103 tehnic\u0103 a accidentelor rutiere,. De asemenea, absolven\u021bii acestui program vor avea preg\u0103tirea tehnic\u0103 necesar\u0103 pentru a lucra in cadrul agen\u021biilor si institu\u021biilor de stat (Autoritatea Rutier\u0103 Rom\u00e2n\u0103, Registrul Auto Rom\u00e2n, Compania Na\u021bional\u0103 de Administrare a Infrastructurii Rutiere, Poli\u021bia Rom\u00e2n\u0103, agen\u021biile de protec\u021bie a mediului, for\u021bele armate), societ\u0103\u021bilor de asigur\u0103ri \u00een domeniul daunelor autovehiculelor si \u00eenv\u0103\u021b\u0103m\u00e2ntul preuniversitar.<\/p>\n\n\n\n<p><strong>Grup \u021bint\u0103<\/strong><\/p>\n\n\n\n<p>Absolven\u021bi cu diplom\u0103 de licen\u021b\u0103 din POLITEHNICA Bucure\u0219ti sau din universit\u0103\u021bi tehnice similare (construc\u021bii, arhitectur\u0103 etc.) care au preocup\u0103ri \u00een domeniul ingineriei autovehiculelor sau \u00een domenii conexe sau care sunt preocupa\u021bi de asimilarea de cuno\u0219tin\u021be privind sistemele \u015fi tehnologiile avansate \u00een domeniul autovehiculelor si in rezolvarea unor probleme specifice utiliz\u00e2nd metode si instrumente moderne.<\/p>\n\n\n\n<p><strong>Plan de \u00eenv\u0103\u021b\u0103m\u00e2nt STADA 2023-2025<\/strong><\/p>\n\n\n\n<div data-wp-interactive=\"core\/file\" class=\"wp-block-file\"><object data-wp-bind--hidden=\"!state.hasPdfPreview\"  class=\"wp-block-file__embed\" data=\"http:\/\/autovehiculerutiere.upb.ro\/wp-content\/uploads\/2024\/10\/2023_25_Pli_M_08_FTr_IAuto_STADA-site.pdf\" type=\"application\/pdf\" style=\"width:100%;height:600px\" aria-label=\"Embed of 2023_25_Pli_M_08_FTr_IAuto_STADA-site.\"><\/object><a id=\"wp-block-file--media-a5a72ae8-62d8-4e5d-b2fd-9375d130e8e8\" href=\"http:\/\/autovehiculerutiere.upb.ro\/wp-content\/uploads\/2024\/10\/2023_25_Pli_M_08_FTr_IAuto_STADA-site.pdf\">2023_25_Pli_M_08_FTr_IAuto_STADA-site<\/a><a href=\"http:\/\/autovehiculerutiere.upb.ro\/wp-content\/uploads\/2024\/10\/2023_25_Pli_M_08_FTr_IAuto_STADA-site.pdf\" class=\"wp-block-file__button wp-element-button\" download aria-describedby=\"wp-block-file--media-a5a72ae8-62d8-4e5d-b2fd-9375d130e8e8\">Download<\/a><\/div>\n\n\n\n<p><strong>Plan de \u00eenv\u0103\u021b\u0103m\u00e2nt STADA 2024-2026<\/strong><\/p>\n\n\n\n<div data-wp-interactive=\"core\/file\" class=\"wp-block-file\"><object data-wp-bind--hidden=\"!state.hasPdfPreview\"  class=\"wp-block-file__embed\" data=\"http:\/\/autovehiculerutiere.upb.ro\/wp-content\/uploads\/2024\/10\/2024_26_Pli_M_08_FTr_IAuto_STADA.pdf\" type=\"application\/pdf\" style=\"width:100%;height:600px\" aria-label=\"Embed of 2024_26_Pli_M_08_FTr_IAuto_STADA.\"><\/object><a id=\"wp-block-file--media-51adb31b-56ca-4085-8d63-6976ba000a25\" href=\"http:\/\/autovehiculerutiere.upb.ro\/wp-content\/uploads\/2024\/10\/2024_26_Pli_M_08_FTr_IAuto_STADA.pdf\">2024_26_Pli_M_08_FTr_IAuto_STADA<\/a><a href=\"http:\/\/autovehiculerutiere.upb.ro\/wp-content\/uploads\/2024\/10\/2024_26_Pli_M_08_FTr_IAuto_STADA.pdf\" class=\"wp-block-file__button wp-element-button\" download aria-describedby=\"wp-block-file--media-51adb31b-56ca-4085-8d63-6976ba000a25\">Download<\/a><\/div>\n\r\n","protected":false},"excerpt":{"rendered":"<p>Misiune Misiunea principal\u0103 a programului de studii de master \u201eSisteme \u0219i tehnologii avansate \u00een domeniul autovehiculelor\u201d este preg\u0103tirea speciali\u0219tilor \u00een concordan\u021b\u0103 cu cerin\u021bele economiei de pia\u021b\u0103, cu noile tehnologii \u0219i cu asumarea principiilor de dezvoltare durabil\u0103 \u0219i de protejare a &hellip; <a href=\"http:\/\/autovehiculerutiere.upb.ro\/?page_id=301\">Continued<\/a><\/p>\n","protected":false},"author":1,"featured_media":0,"parent":0,"menu_order":0,"comment_status":"closed","ping_status":"closed","template":"","meta":{"footnotes":""},"_links":{"self":[{"href":"http:\/\/autovehiculerutiere.upb.ro\/index.php?rest_route=\/wp\/v2\/pages\/301"}],"collection":[{"href":"http:\/\/autovehiculerutiere.upb.ro\/index.php?rest_route=\/wp\/v2\/pages"}],"about":[{"href":"http:\/\/autovehiculerutiere.upb.ro\/index.php?rest_route=\/wp\/v2\/types\/page"}],"author":[{"embeddable":true,"href":"http:\/\/autovehiculerutiere.upb.ro\/index.php?rest_route=\/wp\/v2\/users\/1"}],"replies":[{"embeddable":true,"href":"http:\/\/autovehiculerutiere.upb.ro\/index.php?rest_route=%2Fwp%2Fv2%2Fcomments&post=301"}],"version-history":[{"count":6,"href":"http:\/\/autovehiculerutiere.upb.ro\/index.php?rest_route=\/wp\/v2\/pages\/301\/revisions"}],"predecessor-version":[{"id":461,"href":"http:\/\/autovehiculerutiere.upb.ro\/index.php?rest_route=\/wp\/v2\/pages\/301\/revisions\/461"}],"wp:attachment":[{"href":"http:\/\/autovehiculerutiere.upb.ro\/index.php?rest_route=%2Fwp%2Fv2%2Fmedia&parent=301"}],"curies":[{"name":"wp","href":"https:\/\/api.w.org\/{rel}","templated":true}]}}